79, 191
What are the prime factors of 249194?
2, 11, 47, 241
What are the prime factors of 66855?
3, 5, 4457
List the prime factors of 272792.
2, 13, 43, 61
What are the prime factors of 169831?
169831
List the prime factors of 3207694.
2, 7, 19, 31, 389
What are the prime factors of 164958?
2, 3, 19, 1447
List the prime factors of 73516.
2, 18379
List the prime factors of 275206.
2, 37, 3719
List the prime factors of 12983101.
41, 316661
List the prime factors of 466026.
2, 3, 11, 23, 307
What are the prime factors of 24933319?
1667, 14957
List the prime factors of 3178290.
2, 3, 5, 105943
What are the prime factors of 204272?
2, 17, 751
What are the prime factors of 2533604?
2, 633401
What are the prime factors of 3003?
3, 7, 11, 13
List the prime factors of 1723373.
281, 6133
What are the prime factors of 135914?
2, 67957
What are the prime factors of 1308884?
2, 23, 41, 347
List the prime factors of 29681.
67, 443
What are the prime factors of 13482?
2, 3, 7, 107
What are the prime factors of 48899?
107, 457
What are the prime factors of 535394?
2, 23, 103, 113
List the prime factors of 12986214.
2, 3, 23, 139, 677
What are the prime factors of 361346?
2, 79, 2287
What are the prime factors of 1503340?
2, 5, 75167
List the prime factors of 14384530.
2, 5, 409, 3517
What are the prime factors of 3681037?
3681037
What are the prime factors of 1003093?
7, 13, 73, 151
List the prime factors of 3519211.
3519211
List the prime factors of 44988228.
2, 3, 101, 12373
What are the prime factors of 2212982?
2, 1106491
What are the prime factors of 15285?
3, 5, 1019
What are the prime factors of 678585?
3, 5, 19, 2381
List the prime factors of 367525.
5, 61, 241
What are the prime factors of 128414?
2, 11, 13, 449
What are the prime factors of 1092479?
1092479
List the prime factors of 6738345.
3, 5, 137, 1093
List the prime factors of 2186209.
2186209
List the prime factors of 11765309.
17, 613, 1129
What are the prime factors of 6627314?
2, 17, 19, 10259
List the prime factors of 4329510.
2, 3, 5, 277, 521
What are the prime factors of 5979095?
5, 823, 1453
List the prime factors of 1919892.
2, 3, 13, 31, 397
List the prime factors of 259096.
2, 139, 233
List the prime factors of 201070.
2, 5, 20107
List the prime factors of 1137991.
1137991
What are the prime factors of 3338043?
3, 59, 18859
What are the prime factors of 1855221?
3, 618407
What are the prime factors of 11830498?
2, 137, 43177
What are the prime factors of 4871965?
5, 7, 139199
List the prime factors of 758340.
2, 3, 5, 11, 383
List the prime factors of 667776.
2, 3, 37, 47
What are the prime factors of 3196841?
227, 14083
List the prime factors of 674196.
2, 3, 19, 2957
List the prime factors of 205774.
2, 137, 751
List the prime factors of 13447119.
3, 7, 17, 5381
What are the prime factors of 2824908?
2, 3, 151, 1559
List the prime factors of 367063.
557, 659
List the prime factors of 2718833.
13, 41, 5101
What are the prime factors of 618952?
2, 77369
List the prime factors of 688177.
7, 17, 5783
What are the prime factors of 3361824?
2, 3, 1297
What are the prime factors of 75666?
2, 3, 12611
List the prime factors of 3036918.
2, 3, 43, 79, 149
List the prime factors of 3191992.
2, 191, 2089
List the prime factors of 696268.
2, 174067
List the prime factors of 453227.
453227
What are the prime factors of 13624214?
2, 37, 184111
List the prime factors of 259208.
2, 32401
What are the prime factors of 7364?
2, 7, 263
What are the prime factors of 4706395?
5, 19, 107, 463
List the prime factors of 540301.
540301
List the prime factors of 1371960.
2, 3, 5, 37, 103
What are the prime factors of 2329775?
5, 7, 13313
List the prime factors of 215264.
2, 7, 31
What are the prime factors of 259067?
31, 61, 137
List the prime factors of 396635.
5, 23, 3449
List the prime factors of 1082763.
3, 11, 10937
What are the prime factors of 10987317?
3, 11, 29, 43, 89
List the prime factors of 5086960.
2, 5, 63587
List the prime factors of 4036922.
2, 17, 37, 3209
What are the prime factors of 4463241?
3, 557, 2671
What are the prime factors of 11087451?
3, 17, 72467
What are the prime factors of 107978?
2, 13, 4153
List the prime factors of 994759.
31, 32089
List the prime factors of 13782903.
3, 17, 131, 2063
What are the prime factors of 1085467?
17, 67, 953
List the prime factors of 75145.
5, 7, 19, 113
List the prime factors of 5931090.
2, 3, 5, 11, 1997
List the prime factors of 1341931.
1341931
What are the prime factors of 970348?
2, 367, 661
What are the prime factors of 15444796?
2, 19, 203221
List the prime factors of 792580.
2, 5, 23, 1723
What are the prime factors of 312692?
2, 78173
List the prime factors of 1425796.
2, 356449
List the prime factors of 490288.
2, 30643
What are the prime factors of 127179?
3, 13, 1087
List the prime factors of 279470.
2, 5, 27947
List the prime factors of 3105226.
2, 1552613
List the prime factors of 14685352.
2, 11, 109, 1531
List the prime factors of 245136.
2, 3, 5107
What are the prime factors of 808952?
2, 101119
List the prime factors of 315048.
2, 3, 13127
List the prime factors of 2466833.
139, 17747
List the prime factors of 753444.
2, 3, 20929
What are the prime factors of 52030?
2, 5, 11, 43
List the prime factors of 282021.
3, 94007
What are the prime factors of 3118621?
11, 283511
What are the prime factors of 2985241?
7, 347, 1229
List the prime factors of 20726813.
20726813
List the prime factors of 855275.
5, 34211
List the prime factors of 967992.
2, 3, 53, 761
What are the prime factors of 75354?
2, 3, 19, 661
What are the prime factors of 69122?
2, 17, 19, 107
List the prime factors of 32185.
5, 41, 157
List the prime factors of 17042224.
2, 41, 83, 313
What are the prime factors of 10732039?
10732039
What are the prime factors of 2959350?
2, 3, 5, 109, 181
List the prime factors of 11097057.
3, 269, 13751
What are the prime factors of 352190?
2, 5, 41, 859
List the prime factors of 1252843.
1252843
List the prime factors of 4501025.
5, 43, 53, 79
List the prime factors of 175204.
2, 43801
List the prime factors of 919947.
3, 7, 71, 617
What are the prime factors of 576344?
2, 72043
What are the prime factors of 458478?
2, 3, 25471
List the prime factors of 7500755.
5, 1500151
What are the prime factors of 9199?
9199
What are the prime factors of 462869?
11, 29, 1451
What are the prime factors of 2319399?
3, 257711
What are the prime factors of 3722375?
5, 97, 307
List the prime factors of 251771.
13, 107, 181
What are the prime factors of 591494?
2, 89, 3323
What are the prime factors of 8409165?
3, 5, 89, 6299
What are the prime factors of 215973?
3, 19, 421
What are the prime factors of 98321?
98321
What are the prime factors of 23663647?
7, 449, 7529
List the prime factors of 617358.
2, 3, 7, 14699
List the prime factors of 6434027.
19, 29, 11677
What are the prime factors of 1595296?
2, 49853
What are the prime factors of 464981?
11, 41, 1031
What are the prime factors of 14596325?
5, 583853
What are the prime factors of 13729123?
47, 59, 4951
What are the prime factors of 1600471?
223, 7177
What are the prime factors of 535064?
2, 66883
What are the prime factors of 608034?
2, 3, 7, 31, 467
What are the prime factors of 1798568?
2, 383, 587
What are the prime factors of 159401?
11, 43, 337
What are the prime factors of 2493192?
2, 3, 13, 61, 131
What are the prime factors of 55071?
3, 29, 211
List the prime factors of 13213696.
2, 1613
What are the prime factors of 1585328?
2, 99083
What are the prime factors of 22812974?
2, 41, 278207
List the prime factors of 129418.
2, 64709
What are the prime factors of 298104?
2, 3, 12421
List the prime factors of 607105.
5, 121421
What are the prime factors of 81188?
2, 20297
List the prime factors of 192127.
13, 14779
What are the prime factors of 149200?
2, 5, 373
List the prime factors of 709778.
2, 367, 967
What are the prime factors of 7352860?
2, 5, 431, 853
What are the prime factors of 538750?
2, 5, 431
What are the prime factors of 763436?
2, 17, 103, 109
List the prime factors of 222138.
2, 3, 7, 41, 43
List the prime factors of 687472.
2, 42967
What are the prime factors of 6063099?
3, 7, 23, 12553
What are the prime factors of 987828?
2, 3, 263, 313
List the prime fa